 = -o**3 + 10*o**2 + 10*o + 14. Let n be u(11). Let j(t) = -3*t**2 + 8*t - 4. Let a be j(n). Let s(h) = -h**3 - 7*h**2 + h + 3. What is s(a)?
-4
Let j(m) = 11*m - 7 - 4*m - 5*m. Suppose -4*c + 10 = -10. Give j(c).
3
Suppose 16 = 10*p - 6*p. Let i(y) = p*y - y - 16 - y + 18. Give i(3).
8
Let c = 1111 - 1100. Let f(n) = -2*n**2 + 20*n + 20. Determine f(c).
-2
Let h(d) = -10*d + 8*d + 6*d - d**2 + 0*d**2. Let f = -33 + 37. Give h(f).
0
Let v(d) be the second derivative of 9/2*d**2 - 1/3*d**3 + 0 - 1/24*d**4 - d. Let r(s) be the first derivative of v(s). What is r(6)?
-8
Let o = 1163 - 1158. Let l(z) = z**2 + 3*z - 16. What is l(o)?
24
Let d be (-3)/(-6)*(0 - 2). Let q(v) = -7*v. What is q(d)?
7
Let n(u) = u**3 - 2*u - 1. Let p = 835 + -836. What is n(p)?
0
Let i(t) = 2*t**2 + 1. Suppose 0 = 14*n - 22*n - 8. What is i(n)?
3
Let v(a) = a**3 + 4*a**2 + 2*a - 1. Let h be v(-2). Let r be 3/9 + 2/h. Let o be (0 + 0)*(r + -2). Let b(u) = -u**3 - u**2 + u + 4. Determine b(o).
4
Let c(o) = o**3 - 5*o**2 - 2*o + 1. Let b(g) = -8*g**2 + 5*g - 5. Let x be b(2). Let f be (6/(-15) - x/30)*10. Calculate c(f).
-9
Let c(a) = -7*a**3 - 2*a**2 - 4*a + 2. Let k(s) = -s**3 - s + 1. Let o(g) = -c(g) + 6*k(g). What is o(-3)?
1
Let k(g) = 3*g**2 + 5*g - 4*g**2 + 13 - 13. Give k(6).
-6
Let k(a) = -6*a + 8*a**2 - 2556 + 2546 - 7*a**2. Let j = 10 - 3. Calculate k(j).
-3
Let t(c) = -c**2 - 5*c - 8. Suppose 153 + 242 = 79*u. Determine t(u).
-58
Suppose -5*d = -2*q + 21, -3*q + 11 = -5*d - 8. Let t(g) be the first derivative of -g**4/4 - g**3/3 + 2*g**2 + 3*g + 8. Determine t(q).
-1
Suppose 5*p + 2*j = 115, 2*p + 2*j - 7*j = 75. Let w be -2 + (12/5 - (-15)/p). Let i(l) = 3*l. Determine i(w).
3
Let l be (-4)/2*(-1 - -2). Let x = -11 - -65. Let q(r) = -54*r - x*r - r**3 + 107*r - r**2. Calculate q(l).
6
Let c(v) = 64*v + 40. Let q(a) = 3*a + 2. Let p(f) = -3*c(f) + 60*q(f). What is p(-1)?
12
Suppose y = -4*y + 15. Suppose -2*h + 20 = 2*c, -23*c = -18*c. Let t(a) = -a - 6*a**2 - h*a**y - 2*a + 5 + 9*a**3. Determine t(-5).
-5
Let x(q) = -q**2 + 6*q + 1. Let v(u) = -2*u**2 + 11*u + 3. Suppose -4*i = i + 25. Let j(o) = i*x(o) + 3*v(o). Calculate j(3).
4
Let f(b) be the second derivative of b**5/20 + 5*b**4/12 - 7*b**3/6 - 5*b**2 - 317*b. What is f(-7)?
-59
Let z(y) = 0*y**2 - 18*y**2 - 19*y + 37*y + y**3 + 0*y**2 - 22. What is z(17)?
-5
Let b = -2460 + 2447. Let v(s) = 4*s**2 + 50*s - 22. What is v(b)?
4
Let k(x) be the first derivative of 0*x - 5 + x**2 + 6 + 4*x + 9. Let p(a) = a + 3. Let w be p(-8). Calculate k(w).
-6
Let d(i) = -4*i**2 - 190*i + 1. Let b(k) = -2*k**2 - 77*k. Let r(m) = 5*b(m) - 2*d(m). Let z be -1*2/4*4. Let y = -6 - z. What is r(y)?
-14
Let f(w) = -w**2 - w. Let k(n) = 3*n**2 + 6*n - 2. Let z(x) = 4*f(x) + k(x). Suppose -4*t - 2 = -14. Give z(t).
-5
Let b(y) be the third derivative of y**6/20 + y**5/60 + y**4/24 + y**3/6 + 15*y**2 + 2*y. What is b(-1)?
-5
Let w(v) = -v**2 + 6*v - 6. Suppose 2*c = -0*c + 8. Let m be w(c). Suppose m*s = 2 - 0. Let j(z) = 10*z**2 + z - 1. Calculate j(s).
10
Let i(k) be the third derivative of -1/24*k**6 + 37*k**2 + 0 + 1/24*k**4 + 1/30*k**5 + 0*k**3 + 0*k. Calculate i(-1).
6
Let a be (6/4)/(6/(-8)). Let r(c) = 4*c + 37. Let q be r(-8). Let m(i) = 14*i - q*i - 2*i**2 - 8*i + 1. Calculate m(a).
-9
Let u(d) = -2*d**2 - 5*d + 1 - 8*d**3 + 5*d. Let j = -6692 + 6691. Calculate u(j).
7
Let a(c) = -4*c**2 - 5*c + 3. Let p(x) = -x + 6. Let t be p(11). Let v(n) = 6*n**2 + 7*n - 5. Let u(d) = t*v(d) - 7*a(d). What is u(3)?
-14
Let l(c) = c**3 + 3*c**2 + c - 1. Let p(k) = 3*k**3 + 10*k**2 - 8*k + 5. Let u(i) = -2*l(i) + p(i). Give u(-6).
-5
Let a(j) = 8*j. Let s be 15/10 - 4/8. Determine a(s).
8
Let a(n) = 36*n - 3. Let g(x) = 37*x - 4. Let q(r) = 5*a(r) - 4*g(r). What is q(-1)?
-31
Let u(b) = 3*b**3 + 8*b**2 - 6*b - 1. Let y(m) = 4*m**3 + 8*m**2 - 7*m - 1. Let a(j) = 5*u(j) - 4*y(j). Give a(7).
34
Let s(h) be the first derivative of -h**4/4 - 2*h**3/3 + 3*h**2/2 - 4*h + 19. Give s(-3).
-4
Let v(o) be the third derivative of 11*o**4/24 + 5*o**3/6 + 592*o**2. Determine v(-2).
-17
Let w(s) be the first derivative of 0*s + 1/120*s**5 + 0*s**2 - 8 - 7/3*s**3 + 5/24*s**4. Let y(g) be the third derivative of w(g). Determine y(-4).
1
Let p(n) = -n**3 - 4*n**2 - 2*n + 3. Let q be (-363)/88*(-8)/6*2. Suppose -x = -4*t + q, x - 2*t - 11 = 6*x. What is p(x)?
0
Let g(b) = -3*b**3 - 4*b**2 + 4*b - 2. Let k(j) = -2*j**3 - 2*j**2 + 2*j - 1. Let m(x) = -3*g(x) + 7*k(x). Calculate m(1).
-6
Let a be (-69)/5 - (-672)/840. Let q(p) = -p**3 - 15*p**2 - 26*p - 7. Determine q(a).
-7
Let j(c) = -23*c - 1. Suppose z = 2*v - 10 - 5, -2*v = -4*z - 30. Let n = 6 - v. Determine j(n).
-24
Let o(s) = 48*s + 3. Let u be o(3). Let t(i) = -u*i**2 - 7*i + 148*i**2 + 6 - 2. Let v be t(6). Let m(c) = -3*c + 2. What is m(v)?
8
Let g(w) = -w**2 + 10*w + 7. Suppose 3*s - 17 = 4*i, -7*s + 4*s = -3*i - 21. Give g(s).
-4
Let p be (-5 + 2 - 3) + 7. Let r(j) = -j + 1. Let b(v) = 10*v - 5. Let u(f) = b(f) + 4*r(f). Calculate u(p).
5
Suppose -5*f + f + 3*m + 40 = 0, -2*f - 5*m - 6 = 0. Let g(b) = b**3 - 6*b**2 - 6*b - 10. Give g(f).
-3
Let w be 24/(-36)*(-49 + (2 - 4)). Let t = w + -38. Let v(b) = 4*b**2 + b**3 + 0*b**3 + 1 - 3*b + b. Calculate v(t).
9
Suppose -11 + 0 = -q. Let y(g) = 9*g**2 + 19*g + 1. Let i(o) = -5*o**2 - 2 + 8 - 6 - 10*o. Let s(v) = q*i(v) + 6*y(v). Give s(5).
1
Let g(l) = -53 - 82*l**2 + 54 + 83*l**2 + 7*l. Calculate g(-6).
-5
Let o(x) be the first derivative of 2*x**3/3 + 2*x - 68. Determine o(1).
4
Let w(s) = -s**3 - 3*s**2 + 11*s + 1. Let p(b) = -b**3 + 2*b**2 - 5. Let c be p(0). What is w(c)?
-4
Let x be (-4)/(-6 - (-6 - 1)). Suppose -6*y = -2*y - 8. Let s(l) = l**3 - 3 + 4*l**2 - 2 + y*l + 0*l**3. What is s(x)?
-13
Let a = -14 - -15. Let v(j) = -3*j + 1. What is v(a)?
-2
Let y(m) = -5 + 8*m**3 - 5*m**2 + m + 3*m**2 - 5*m**3. Let s(i) = 7*i**3 - 5*i**2 + 3*i - 11. Let o(a) = 2*s(a) - 5*y(a). Suppose 0*w - 2*w = 0. Give o(w).
3
Let m(w) be the second derivative of -w**6/120 + w**5/15 + w**3/2 - 3*w**2/2 + 11*w. Let k(s) be the first derivative of m(s). Calculate k(3).
12
Let v(k) = 6*k**3 + 31*k**2 + 13*k - 12. Let w(a) = 5*a**3 + 29*a**2 + 11*a - 11. Let g(c) = 2*v(c) - 3*w(c). Determine g(-8).
1
Let b(l) = 3*l - 9. Suppose 22 = 4*w - 2*t, 5*w + 2*t = 5*t + 26. Determine b(w).
12
Let y = 102 + -88. Let t = y - 8. Let o(m) = -m - 1. What is o(t)?
-7
Suppose 0 = 3*m + 4*b - 103, -4 = -3*b - 1. Suppose -3 = -4*n + m. Let j(o) = 2*o**2 - o**2 + 0*o**2 - n*o + 8. What is j(6)?
-10
Let s(m) = -m + 9. Let b(z) = z**3 - 11*z**2 + 26*z - 5. Let x be b(8). Give s(x).
-2
Let f(c) be the first derivative of -c**2/2 + 22*c + 374. Calculate f(13).
9
Let k(b) = -b + 6 + 6*b - 5. Let g be k(1). Let m(f) = -2*f + 2. Calculate m(g).
-10
Let b(q) be the first derivative of -q**4/4 - 8*q**3/3 - 9*q**2/2 - 11*q - 126. Calculate b(-7).
3
Let a(o) be the third derivative of o**5/60 + 17*o**4/24 + 11*o**3/3 + 4*o**2 - 11. Calculate a(-16).
6
Let x be 33/(-9) - ((-17)/3 + 5). Let w(v) = -2*v**3 - 5*v**2 - 5*v - 2. What is w(x)?
22
Let k = 186 - 181. Let b(d) be the third derivative of d**5/60 - d**4/8 - d**3 + 4*d**2. Calculate b(k).
4
Let m = -30 - -33. Let k(g) = -5*g**2 + 2. Let o(i) = 4*i**2 - i - 1. Let q(b) = 3*k(b) + 4*o(b). Let d be q(m). Let u(s) = -6*s**2. Calculate u(d).
-6
Let a(j) be the third derivative of 0 + 1/24*j**4 + 1/60*j**5 + 1/6*j**3 + 2*j**2 - 1/12*j**6 + 0*j. Determine a(-1).
11
Suppose 27*o - 31*o + 8 = 0. Suppose 0 = -c + 2*c - o. Let y(l) = l**2 + 2*l - 2. Determine y(c).
6
Let c(d) = d**2 - 4*d - 4. Let o(p) = p**3 + 3*p**2 - 4*p - 4. Let s be o(-3). Let j = 10 - s. Suppose n = 2 + j. Determine c(n).
-4
Suppose 29*n - 39*n - 70 = 0. Let z(p) = -p**3 - 6*p**2 + 7*p + 10. Give z(n).
10
Suppose -4*r + 2*f - 4*f - 434 = 0, 0 = 5*f + 25. Let i = r + 109. Let c(g) = 5*g - 1. What is c(i)?
14
Let i(s) be the third derivative of -s**4/8 - s**3/3 + s**2. Let h be (5 - 1 - 14)*4/(-10). Suppose 5*y = 3*y - h. Determine i(y).
4
Let z(q) = -8*q**3 - 9*q**3 + 4068*q - 4069*q. Calculate z(1).
-18
Let c(b) = 2*b**2 - 5*b - 7. Let l(h) = -3*h**2 + 8*h + 11. Let w(o) = 7*c(o) + 5*l(o). Let y(k) = -k**2 - 32*k + 151. Let p be y(-36). What is w(p)?
-8
Let b(a) be the first 